[INFO] fetching crate sum-storage 2.0.0-alpha.6...
[INFO] checking sum-storage-2.0.0-alpha.6 against try#72f88fc4e9458f89516a0b8b0868f3718aec5b47 for pr-74989
[INFO] extracting crate sum-storage 2.0.0-alpha.6 into /workspace/builds/worker-11/source
[INFO] validating manifest of crates.io crate sum-storage 2.0.0-alpha.6 on toolchain 72f88fc4e9458f89516a0b8b0868f3718aec5b47
[INFO] running `Command { std: "/workspace/cargo-home/bin/cargo" "+72f88fc4e9458f89516a0b8b0868f3718aec5b47" "read-manifest" "--manifest-path" "Cargo.toml", kill_on_drop: false }`
[INFO] started tweaking crates.io crate sum-storage 2.0.0-alpha.6
[INFO] finished tweaking crates.io crate sum-storage 2.0.0-alpha.6
[INFO] tweaked toml for crates.io crate sum-storage 2.0.0-alpha.6 written to /workspace/builds/worker-11/source/Cargo.toml
[INFO] running `Command { std: "/workspace/cargo-home/bin/cargo" "+72f88fc4e9458f89516a0b8b0868f3718aec5b47" "generate-lockfile" "--manifest-path" "Cargo.toml" "-Zno-index-update", kill_on_drop: false }`
[INFO] running `Command { std: "/workspace/cargo-home/bin/cargo" "+72f88fc4e9458f89516a0b8b0868f3718aec5b47" "fetch" "--locked" "--manifest-path" "Cargo.toml", kill_on_drop: false }`
[INFO] [stderr]     Blocking waiting for file lock on package cache
[INFO] running `Command { std: "docker" "create" "-v" "/var/lib/crater-agent-workspace/builds/worker-11/target:/opt/rustwide/target:rw,Z" "-v" "/var/lib/crater-agent-workspace/builds/worker-11/source:/opt/rustwide/workdir:ro,Z" "-v" "/var/lib/crater-agent-workspace/cargo-home:/opt/rustwide/cargo-home:ro,Z" "-v" "/var/lib/crater-agent-workspace/rustup-home:/opt/rustwide/rustup-home:ro,Z" "-e" "SOURCE_DIR=/opt/rustwide/workdir" "-e" "CARGO_TARGET_DIR=/opt/rustwide/target" "-e" "CARGO_HOME=/opt/rustwide/cargo-home" "-e" "RUSTUP_HOME=/opt/rustwide/rustup-home" "-w" "/opt/rustwide/workdir" "-m" "1610612736" "--user" "0:0" "--network" "none" "rustops/crates-build-env@sha256:d92eaeed33fa75130ca1ee6c8a01d1ffb62bac859dfdfb3450e3e5d1c0146529" "/opt/rustwide/cargo-home/bin/cargo" "+72f88fc4e9458f89516a0b8b0868f3718aec5b47" "metadata" "--no-deps" "--format-version=1", kill_on_drop: false }`
[INFO] [stdout] 1f455788c86ed75b5c33755461071bdc07c80dc52a8c4e0b5e9e23d6db1c916a
[INFO] [stderr] WARNING: Your kernel does not support swap limit capabilities or the cgroup is not mounted. Memory limited without swap.
[INFO] running `Command { std: "docker" "start" "-a" "1f455788c86ed75b5c33755461071bdc07c80dc52a8c4e0b5e9e23d6db1c916a", kill_on_drop: false }`
[INFO] running `Command { std: "docker" "inspect" "1f455788c86ed75b5c33755461071bdc07c80dc52a8c4e0b5e9e23d6db1c916a", kill_on_drop: false }`
[INFO] running `Command { std: "docker" "rm" "-f" "1f455788c86ed75b5c33755461071bdc07c80dc52a8c4e0b5e9e23d6db1c916a", kill_on_drop: false }`
[INFO] [stdout] 1f455788c86ed75b5c33755461071bdc07c80dc52a8c4e0b5e9e23d6db1c916a
[INFO] running `Command { std: "docker" "create" "-v" "/var/lib/crater-agent-workspace/builds/worker-11/target:/opt/rustwide/target:rw,Z" "-v" "/var/lib/crater-agent-workspace/builds/worker-11/source:/opt/rustwide/workdir:ro,Z" "-v" "/var/lib/crater-agent-workspace/cargo-home:/opt/rustwide/cargo-home:ro,Z" "-v" "/var/lib/crater-agent-workspace/rustup-home:/opt/rustwide/rustup-home:ro,Z" "-e" "SOURCE_DIR=/opt/rustwide/workdir" "-e" "CARGO_TARGET_DIR=/opt/rustwide/target" "-e" "CARGO_INCREMENTAL=0" "-e" "RUST_BACKTRACE=full" "-e" "RUSTFLAGS=--cap-lints=forbid" "-e" "CARGO_HOME=/opt/rustwide/cargo-home" "-e" "RUSTUP_HOME=/opt/rustwide/rustup-home" "-w" "/opt/rustwide/workdir" "-m" "1610612736" "--user" "0:0" "--network" "none" "rustops/crates-build-env@sha256:d92eaeed33fa75130ca1ee6c8a01d1ffb62bac859dfdfb3450e3e5d1c0146529" "/opt/rustwide/cargo-home/bin/cargo" "+72f88fc4e9458f89516a0b8b0868f3718aec5b47" "check" "--frozen" "--all" "--all-targets" "--message-format=json", kill_on_drop: false }`
[INFO] [stderr] WARNING: Your kernel does not support swap limit capabilities or the cgroup is not mounted. Memory limited without swap.
[INFO] [stdout] fc4014d5369bb73c14e633b64316c1268d91082647122ff6b626e12fea4fbb96
[INFO] running `Command { std: "docker" "start" "-a" "fc4014d5369bb73c14e633b64316c1268d91082647122ff6b626e12fea4fbb96", kill_on_drop: false }`
[INFO] [stderr]     Checking tracing v0.1.19
[INFO] [stderr]     Checking futures-util v0.3.5
[INFO] [stderr]     Checking dyn-clonable v0.9.0
[INFO] [stderr]     Checking zeroize v1.1.0
[INFO] [stderr]     Checking tiny-bip39 v0.7.3
[INFO] [stderr]     Checking parity-scale-codec v1.3.5
[INFO] [stderr]     Checking sp-tracing v2.0.0-rc6
[INFO] [stderr]     Checking curve25519-dalek v2.1.0
[INFO] [stderr]     Checking merlin v2.0.0
[INFO] [stderr]     Checking curve25519-dalek v3.0.0
[INFO] [stderr]     Checking secrecy v0.6.0
[INFO] [stderr]     Checking schnorrkel v0.9.1
[INFO] [stderr]     Checking ed25519-dalek v1.0.0
[INFO] [stderr]     Checking substrate-bip39 v0.4.2
[INFO] [stderr]     Checking futures-executor v0.3.5
[INFO] [stderr]     Checking futures v0.3.5
[INFO] [stderr]     Checking impl-codec v0.4.2
[INFO] [stderr]     Checking sp-storage v2.0.0-rc6
[INFO] [stderr]     Checking sp-wasm-interface v2.0.0-rc6
[INFO] [stderr]     Checking sp-arithmetic v2.0.0-rc6
[INFO] [stderr]     Checking primitive-types v0.7.2
[INFO] [stderr]     Checking sp-externalities v0.8.0-rc6
[INFO] [stderr]     Checking parity-util-mem v0.7.0
[INFO] [stderr]     Checking sp-runtime-interface v2.0.0-rc6
[INFO] [stderr]     Checking memory-db v0.24.1
[INFO] [stderr]     Checking sp-core v2.0.0-rc6
[INFO] [stderr]     Checking sp-trie v2.0.0-rc6
[INFO] [stderr]     Checking sp-inherents v2.0.0-rc6
[INFO] [stderr]     Checking frame-metadata v11.0.0-rc6
[INFO] [stderr]     Checking sp-state-machine v0.8.0-rc6
[INFO] [stderr]     Checking sp-io v2.0.0-rc6
[INFO] [stderr]     Checking sp-application-crypto v2.0.0-rc6
[INFO] [stderr]     Checking sp-runtime v2.0.0-rc6
[INFO] [stderr]     Checking frame-support v2.0.0-rc6
[INFO] [stderr]     Checking sp-version v2.0.0-rc6
[INFO] [stderr]     Checking frame-system v2.0.0-rc6
[INFO] [stderr]     Checking sum-storage v2.0.0-alpha.6 (/opt/rustwide/workdir)
[INFO] [stdout] error[E0432]: unresolved import `frame_support::weights::SimpleDispatchInfo`
[INFO] [stdout]   --> src/lib.rs:11:2
[INFO] [stdout]    |
[INFO] [stdout] 11 |     weights::SimpleDispatchInfo,
[INFO] [stdout]    |     ^^^^^^^^^------------------
[INFO] [stdout]    |     |        |
[INFO] [stdout]    |     |        help: a similar name exists in the module: `DispatchInfo`
[INFO] [stdout]    |     no `SimpleDispatchInfo` in `weights`
[INFO] [stdout] 
[INFO] [stdout] 
[INFO] [stdout] error[E0432]: unresolved import `frame_support::weights::SimpleDispatchInfo`
[INFO] [stdout]   --> src/lib.rs:11:2
[INFO] [stdout]    |
[INFO] [stdout] 11 |     weights::SimpleDispatchInfo,
[INFO] [stdout]    |     ^^^^^^^^^------------------
[INFO] [stdout]    |     |        |
[INFO] [stdout]    |     |        help: a similar name exists in the module: `DispatchInfo`
[INFO] [stdout]    |     no `SimpleDispatchInfo` in `weights`
[INFO] [stdout] 
[INFO] [stdout] 
[INFO] [stdout] error[E0046]: not all trait items implemented, missing: `BaseCallFilter`, `DbWeight`, `BlockExecutionWeight`, `ExtrinsicBaseWeight`, `MaximumExtrinsicWeight`, `SystemWeightInfo`
[INFO] [stdout]   --> src/tests.rs:24:1
[INFO] [stdout]    |
[INFO] [stdout] 24 | impl system::Trait for Test {
[INFO] [stdout]    | ^^^^^^^^^^^^^^^^^^^^^^^^^^^ missing `BaseCallFilter`, `DbWeight`, `BlockExecutionWeight`, `ExtrinsicBaseWeight`, `MaximumExtrinsicWeight`, `SystemWeightInfo` in implementation
[INFO] [stdout]    |
[INFO] [stdout]    = help: implement the missing item: `type BaseCallFilter = Type;`
[INFO] [stdout]    = help: implement the missing item: `type DbWeight = Type;`
[INFO] [stdout]    = help: implement the missing item: `type BlockExecutionWeight = Type;`
[INFO] [stdout]    = help: implement the missing item: `type ExtrinsicBaseWeight = Type;`
[INFO] [stdout]    = help: implement the missing item: `type MaximumExtrinsicWeight = Type;`
[INFO] [stdout]    = help: implement the missing item: `type SystemWeightInfo = Type;`
[INFO] [stdout] 
[INFO] [stdout] 
[INFO] [stdout] error[E0308]: mismatched types
[INFO] [stdout]   --> src/lib.rs:32:1
[INFO] [stdout]    |
[INFO] [stdout] 32 | / decl_module! {
[INFO] [stdout] 33 | |     /// The module declaration.
[INFO] [stdout] 34 | |     pub struct Module<T: Trait> for enum Call where origin: T::Origin {
[INFO] [stdout] 35 | |         fn deposit_event() = default;
[INFO] [stdout] ...  |
[INFO] [stdout] 58 | |     }
[INFO] [stdout] 59 | | }
[INFO] [stdout]    | |_^ expected trait `ClassifyDispatch`, found trait `WeighData`
[INFO] [stdout]    |
[INFO] [stdout]    = note: expected reference `&dyn ClassifyDispatch<(&u32,)>`
[INFO] [stdout]               found reference `&dyn WeighData<(&u32,)>`
[INFO] [stdout]    = note: this error originates in a macro (in Nightly builds, run with -Z macro-backtrace for more info)
[INFO] [stdout] 
[INFO] [stdout] 
[INFO] [stdout] error[E0308]: mismatched types
[INFO] [stdout]   --> src/lib.rs:32:1
[INFO] [stdout]    |
[INFO] [stdout] 32 | / decl_module! {
[INFO] [stdout] 33 | |     /// The module declaration.
[INFO] [stdout] 34 | |     pub struct Module<T: Trait> for enum Call where origin: T::Origin {
[INFO] [stdout] 35 | |         fn deposit_event() = default;
[INFO] [stdout] ...  |
[INFO] [stdout] 58 | |     }
[INFO] [stdout] 59 | | }
[INFO] [stdout]    | |_^ expected trait `ClassifyDispatch`, found trait `WeighData`
[INFO] [stdout]    |
[INFO] [stdout]    = note: expected reference `&dyn ClassifyDispatch<(&u32,)>`
[INFO] [stdout]               found reference `&dyn WeighData<(&u32,)>`
[INFO] [stdout]    = note: this error originates in a macro (in Nightly builds, run with -Z macro-backtrace for more info)
[INFO] [stdout] 
[INFO] [stdout] 
[INFO] [stdout] error[E0308]: mismatched types
[INFO] [stdout]   --> src/lib.rs:32:1
[INFO] [stdout]    |
[INFO] [stdout] 32 | / decl_module! {
[INFO] [stdout] 33 | |     /// The module declaration.
[INFO] [stdout] 34 | |     pub struct Module<T: Trait> for enum Call where origin: T::Origin {
[INFO] [stdout] 35 | |         fn deposit_event() = default;
[INFO] [stdout] ...  |
[INFO] [stdout] 58 | |     }
[INFO] [stdout] 59 | | }
[INFO] [stdout]    | |_^ expected trait `PaysFee`, found trait `WeighData`
[INFO] [stdout]    |
[INFO] [stdout]    = note: expected reference `&dyn PaysFee<(&u32,)>`
[INFO] [stdout]               found reference `&dyn WeighData<(&u32,)>`
[INFO] [stdout]    = note: this error originates in a macro (in Nightly builds, run with -Z macro-backtrace for more info)
[INFO] [stdout] 
[INFO] [stdout] 
[INFO] [stdout] error[E0308]: mismatched types
[INFO] [stdout]   --> src/lib.rs:32:1
[INFO] [stdout]    |
[INFO] [stdout] 32 | / decl_module! {
[INFO] [stdout] 33 | |     /// The module declaration.
[INFO] [stdout] 34 | |     pub struct Module<T: Trait> for enum Call where origin: T::Origin {
[INFO] [stdout] 35 | |         fn deposit_event() = default;
[INFO] [stdout] ...  |
[INFO] [stdout] 58 | |     }
[INFO] [stdout] 59 | | }
[INFO] [stdout]    | |_^ expected trait `PaysFee`, found trait `WeighData`
[INFO] [stdout]    |
[INFO] [stdout]    = note: expected reference `&dyn PaysFee<(&u32,)>`
[INFO] [stdout]               found reference `&dyn WeighData<(&u32,)>`
[INFO] [stdout]    = note: this error originates in a macro (in Nightly builds, run with -Z macro-backtrace for more info)
[INFO] [stdout] 
[INFO] [stdout] 
[INFO] [stdout] error: aborting due to 4 previous errors
[INFO] [stdout] 
[INFO] [stdout] 
[INFO] [stdout] Some errors have detailed explanations: E0046, E0308, E0432.
[INFO] [stdout] 
[INFO] [stdout] For more information about an error, try `rustc --explain E0046`.
[INFO] [stdout] 
[INFO] [stderr] error: could not compile `sum-storage`.
[INFO] [stderr] 
[INFO] [stderr] To learn more, run the command again with --verbose.
[INFO] [stderr] warning: build failed, waiting for other jobs to finish...
[INFO] [stdout] error: aborting due to 3 previous errors
[INFO] [stdout] 
[INFO] [stdout] 
[INFO] [stdout] Some errors have detailed explanations: E0308, E0432.
[INFO] [stdout] 
[INFO] [stdout] For more information about an error, try `rustc --explain E0308`.
[INFO] [stdout] 
[INFO] [stderr] error: build failed
[INFO] running `Command { std: "docker" "inspect" "fc4014d5369bb73c14e633b64316c1268d91082647122ff6b626e12fea4fbb96", kill_on_drop: false }`
[INFO] running `Command { std: "docker" "rm" "-f" "fc4014d5369bb73c14e633b64316c1268d91082647122ff6b626e12fea4fbb96", kill_on_drop: false }`
[INFO] [stdout] fc4014d5369bb73c14e633b64316c1268d91082647122ff6b626e12fea4fbb96
